{"id":115,"date":"2025-08-13T10:03:40","date_gmt":"2025-08-13T10:03:40","guid":{"rendered":"https:\/\/demos.agenciaeiduo.com\/consorciodejabugo\/?page_id=115"},"modified":"2025-08-13T11:05:09","modified_gmt":"2025-08-13T11:05:09","slug":"historia","status":"publish","type":"page","link":"https:\/\/consorciodejabugo.com\/index.php\/empresa\/historia\/","title":{"rendered":"Historia"},"content":{"rendered":"\n<h2 class=\"wp-block-heading has-text-align-center h1 title font-secondary text-color-medium\">Sobre nuestro<br>entorno<\/h2>\n\n\n\n<div class=\"wp-block-columns is-layout-flex wp-container-core-columns-is-layout-9d6595d7 wp-block-columns-is-layout-flex\">\n<div class=\"wp-block-column is-layout-flow wp-block-column-is-layout-flow\" style=\"flex-basis:100%\">\n<p class=\"has-text-align-center\"><\/p>\n\n\n\n<div style=\"height:36px\" aria-hidden=\"true\" class=\"wp-block-spacer\"><\/div>\n<\/div>\n<\/div>\n\n\n\n<div class=\"wp-block-columns is-layout-flex wp-container-core-columns-is-layout-9d6595d7 wp-block-columns-is-layout-flex\">\n<div class=\"wp-block-column is-layout-flow wp-block-column-is-layout-flow\" style=\"flex-basis:50%\">\n<p class=\"has-text-align-left\">En Jabugo, hace muchos a\u00f1os, en nuestra Sierra de Huelva y sus Dehesas con encinas, alcornoques y quejigos\u2026 donde&nbsp;<strong>de oto\u00f1o a primavera, los mejores cerdos ib\u00e9ricos del mundo disfrutan de la Montanera, deleit\u00e1ndose con las bellotas que ellos mismos seleccionan<\/strong>.<\/p>\n\n\n\n<p class=\"has-text-align-left\">A 700 m. de altitud, recibiendo los fr\u00edos vientos del norte durante el invierno y las suaves temperaturas del verano se encuentra&nbsp;<strong>Consorcio de Jabugo<\/strong>.<\/p>\n<\/div>\n\n\n\n<div class=\"wp-block-column is-layout-flow wp-block-column-is-layout-flow\" style=\"flex-basis:50%\">\n<p>En este enclave m\u00e1gico, desde hace m\u00e1s de 26 a\u00f1os elabora jamones, paletas, carnes y embutidos ib\u00e9ricos que conservan sus or\u00edgenes legendarios;&nbsp;<strong>respeto a la tradici\u00f3n y el saber hacer de los maestros chacineros de Jabugo<\/strong>.<\/p>\n\n\n\n<p>Consorcio de Jabugo sabe a ib\u00e9rico y a Sierra. A Dehesa y a Montanera. A ejercicio y libertad. Pocas cosas han cambiado desde entonces.<\/p>\n<\/div>\n<\/div>\n\n\n\n<div style=\"height:36px\" aria-hidden=\"true\" class=\"wp-block-spacer\"><\/div>\n\n\n\n<div class=\"wp-block-columns is-layout-flex wp-container-core-columns-is-layout-9d6595d7 wp-block-columns-is-layout-flex\">\n<div class=\"wp-block-column is-layout-flow wp-block-column-is-layout-flow\">\n<h3 class=\"wp-block-heading title h1 font-secondary text-color-medium\">Galer\u00eda de fotos<\/h3>\n<\/div>\n\n\n\n<div class=\"wp-block-column is-layout-flow wp-block-column-is-layout-flow\"><\/div>\n<\/div>\n\n\n\n<div class=\"wp-block-columns is-layout-flex wp-container-core-columns-is-layout-9d6595d7 wp-block-columns-is-layout-flex\">\n<div class=\"wp-block-column is-layout-flow wp-block-column-is-layout-flow\">\n<figure class=\"wp-block-image size-full\"><img decoding=\"async\" width=\"904\" height=\"2560\" src=\"https:\/\/consorciodejabugo.com\/wp-content\/uploads\/2025\/08\/historia_consorcio_jabugo-scaled.jpg\" alt=\"\" class=\"wp-image-176\" srcset=\"https:\/\/consorciodejabugo.com\/wp-content\/uploads\/2025\/08\/historia_consorcio_jabugo-scaled.jpg 904w, https:\/\/consorciodejabugo.com\/wp-content\/uploads\/2025\/08\/historia_consorcio_jabugo-480x1359.jpg 480w\" sizes=\"(min-width: 0px) and (max-width: 480px) 480px, (min-width: 481px) 904px, 100vw\" \/><\/figure>\n<\/div>\n<\/div>\n","protected":false},"excerpt":{"rendered":"<p>Sobre nuestroentorno En Jabugo, hace muchos a\u00f1os, en nuestra Sierra de Huelva y sus Dehesas con encinas, alcornoques y quejigos\u2026 donde&nbsp;de oto\u00f1o a primavera, los mejores cerdos ib\u00e9ricos del mundo disfrutan de la Montanera, deleit\u00e1ndose con las bellotas que ellos mismos seleccionan. A 700 m. de altitud, recibiendo los fr\u00edos vientos del norte durante el [&hellip;]<\/p>\n","protected":false},"author":1,"featured_media":0,"parent":25,"menu_order":0,"comment_status":"closed","ping_status":"closed","template":"","meta":{"_acf_changed":false,"_et_pb_use_builder":"off","_et_pb_old_content":"","_et_gb_content_width":"1080","footnotes":""},"class_list":["post-115","page","type-page","status-publish","hentry"],"acf":[],"_links":{"self":[{"href":"https:\/\/consorciodejabugo.com\/index.php\/wp-json\/wp\/v2\/pages\/115","targetHints":{"allow":["GET"]}}],"collection":[{"href":"https:\/\/consorciodejabugo.com\/index.php\/wp-json\/wp\/v2\/pages"}],"about":[{"href":"https:\/\/consorciodejabugo.com\/index.php\/wp-json\/wp\/v2\/types\/page"}],"author":[{"embeddable":true,"href":"https:\/\/consorciodejabugo.com\/index.php\/wp-json\/wp\/v2\/users\/1"}],"replies":[{"embeddable":true,"href":"https:\/\/consorciodejabugo.com\/index.php\/wp-json\/wp\/v2\/comments?post=115"}],"version-history":[{"count":0,"href":"https:\/\/consorciodejabugo.com\/index.php\/wp-json\/wp\/v2\/pages\/115\/revisions"}],"up":[{"embeddable":true,"href":"https:\/\/consorciodejabugo.com\/index.php\/wp-json\/wp\/v2\/pages\/25"}],"wp:attachment":[{"href":"https:\/\/consorciodejabugo.com\/index.php\/wp-json\/wp\/v2\/media?parent=115"}],"curies":[{"name":"wp","href":"https:\/\/api.w.org\/{rel}","templated":true}]}}