{"id":109,"date":"2025-08-13T10:01:44","date_gmt":"2025-08-13T10:01:44","guid":{"rendered":"https:\/\/demos.agenciaeiduo.com\/consorciodejabugo\/?page_id=109"},"modified":"2025-08-14T07:29:43","modified_gmt":"2025-08-14T07:29:43","slug":"capa-negra","status":"publish","type":"page","link":"https:\/\/consorciodejabugo.com\/index.php\/marcas\/capa-negra\/","title":{"rendered":"Capa Negra"},"content":{"rendered":"\n<h3 class=\"wp-block-heading h1 title font-secondary text-color-medium\">Palabra de Chef<\/h3>\n\n\n\n<div class=\"wp-block-columns is-layout-flex wp-container-core-columns-is-layout-9d6595d7 wp-block-columns-is-layout-flex\">\n<div class=\"wp-block-column is-layout-flow wp-block-column-is-layout-flow\">\n<p>El nombre de la marca hace referencia a la piel oscura del Cerdo Ib\u00e9rico, un animal que se distingue tambi\u00e9n por sus patas de ca\u00f1a fina y pezu\u00f1as de color negro. El tono de su piel es s\u00edmbolo inconfundible de su raza ib\u00e9rica, como inconfundible es tambi\u00e9n el sabor de sus productos, fruto de la tradici\u00f3n y el clima de Jabugo. Sus productos proceden de cerdos ib\u00e9ricos y se presentan en tres variedades, seg\u00fan el tipo de alimentaci\u00f3n del cerdo: Bellota 100% ib\u00e9rico, Cebo de Campo y Cebo.<\/p>\n\n\n\n<p>Los jamones, dependiendo de su peso, tienen un proceso de curaci\u00f3n de entre 26 y 40 meses y las paletas entre 16 y 30. Su textura es suave y de aspecto marm\u00f3reo.<\/p>\n<\/div>\n\n\n\n<div class=\"wp-block-column is-layout-flow wp-block-column-is-layout-flow\">\n<figure class=\"wp-block-gallery has-nested-images columns-1 is-cropped slideshow--images wp-block-gallery-1 is-layout-flex wp-block-gallery-is-layout-flex\">\n<figure class=\"wp-block-image size-full\"><img decoding=\"async\" width=\"460\" height=\"300\" data-id=\"492\" src=\"https:\/\/consorciodejabugo.com\/wp-content\/uploads\/2025\/08\/img_1-3.jpg\" alt=\"\" class=\"wp-image-492\" srcset=\"https:\/\/consorciodejabugo.com\/wp-content\/uploads\/2025\/08\/img_1-3.jpg 460w, https:\/\/consorciodejabugo.com\/wp-content\/uploads\/2025\/08\/img_1-3-300x196.jpg 300w\" sizes=\"(max-width: 460px) 100vw, 460px\" \/><\/figure>\n\n\n\n<figure class=\"wp-block-image size-full\"><img decoding=\"async\" width=\"460\" height=\"300\" data-id=\"486\" src=\"https:\/\/consorciodejabugo.com\/wp-content\/uploads\/2025\/08\/img_2-3.jpg\" alt=\"\" class=\"wp-image-486\" srcset=\"https:\/\/consorciodejabugo.com\/wp-content\/uploads\/2025\/08\/img_2-3.jpg 460w, https:\/\/consorciodejabugo.com\/wp-content\/uploads\/2025\/08\/img_2-3-300x196.jpg 300w\" sizes=\"(max-width: 460px) 100vw, 460px\" \/><\/figure>\n\n\n\n<figure class=\"wp-block-image size-full\"><img decoding=\"async\" width=\"460\" height=\"300\" data-id=\"488\" src=\"https:\/\/consorciodejabugo.com\/wp-content\/uploads\/2025\/08\/img_3.jpg\" alt=\"\" class=\"wp-image-488\" srcset=\"https:\/\/consorciodejabugo.com\/wp-content\/uploads\/2025\/08\/img_3.jpg 460w, https:\/\/consorciodejabugo.com\/wp-content\/uploads\/2025\/08\/img_3-300x196.jpg 300w\" sizes=\"(max-width: 460px) 100vw, 460px\" \/><\/figure>\n<\/figure>\n<\/div>\n<\/div>\n\n\n\n<div style=\"height:48px\" aria-hidden=\"true\" class=\"wp-block-spacer\"><\/div>\n\n\n\n<h3 class=\"wp-block-heading h1 title font-secondary text-color-medium\">Embutidos Capa Negra<\/h3>\n\n\n\n<div class=\"wp-block-columns is-layout-flex wp-container-core-columns-is-layout-9d6595d7 wp-block-columns-is-layout-flex\">\n<div class=\"wp-block-column is-layout-flow wp-block-column-is-layout-flow\">\n<p>Bajo esta denominaci\u00f3n se produce tambi\u00e9n una amplia gama de embutidos de gran calidad, como ca\u00f1a de lomo, lomito, morc\u00f3n, chorizo de lomo, salchich\u00f3n, etc, con una curaci\u00f3n entre los 60 y los 120 d\u00edas. Estos se elaboran con las mejores piezas de las carnes ib\u00e9ricas troceadas a mano, tripa natural y especias e ingredientes seleccionados. Se presentan en formatos de pieza, media pieza y loncheados.<\/p>\n\n\n\n<p>Se trata de una categor\u00eda de alimentos con particularidad gastron\u00f3mica excepcional: jamones y embutidos ib\u00e9ricos de la mejor calidad. La nobleza de sus productos encierra infinidad de sorpresas y sensaciones incre\u00edbles.<\/p>\n\n\n\n<div style=\"height:36px\" aria-hidden=\"true\" class=\"wp-block-spacer\"><\/div>\n\n\n\n<div class=\"wp-block-buttons is-layout-flex wp-block-buttons-is-layout-flex\">\n<div class=\"wp-block-button is-style-outline is-style-outline--2\"><a class=\"wp-block-button__link wp-element-button\" href=\"https:\/\/capanegra.es\" style=\"border-radius:8px\" target=\"_blank\" rel=\"noreferrer noopener\">Visitar tienda online<\/a><\/div>\n<\/div>\n<\/div>\n\n\n\n<div class=\"wp-block-column is-layout-flow wp-block-column-is-layout-flow\">\n<figure class=\"wp-block-gallery has-nested-images columns-1 is-cropped slideshow--images wp-block-gallery-3 is-layout-flex wp-block-gallery-is-layout-flex\">\n<figure class=\"wp-block-image size-full\"><img decoding=\"async\" width=\"460\" height=\"300\" data-id=\"491\" src=\"https:\/\/consorciodejabugo.com\/wp-content\/uploads\/2025\/08\/img_6.jpg\" alt=\"\" class=\"wp-image-491\" srcset=\"https:\/\/consorciodejabugo.com\/wp-content\/uploads\/2025\/08\/img_6.jpg 460w, https:\/\/consorciodejabugo.com\/wp-content\/uploads\/2025\/08\/img_6-300x196.jpg 300w\" sizes=\"(max-width: 460px) 100vw, 460px\" \/><\/figure>\n\n\n\n<figure class=\"wp-block-image size-full\"><img decoding=\"async\" width=\"460\" height=\"300\" data-id=\"490\" src=\"https:\/\/consorciodejabugo.com\/wp-content\/uploads\/2025\/08\/img_5.jpg\" alt=\"\" class=\"wp-image-490\" srcset=\"https:\/\/consorciodejabugo.com\/wp-content\/uploads\/2025\/08\/img_5.jpg 460w, https:\/\/consorciodejabugo.com\/wp-content\/uploads\/2025\/08\/img_5-300x196.jpg 300w\" sizes=\"(max-width: 460px) 100vw, 460px\" \/><\/figure>\n\n\n\n<figure class=\"wp-block-image size-full\"><img decoding=\"async\" width=\"460\" height=\"300\" data-id=\"489\" src=\"https:\/\/consorciodejabugo.com\/wp-content\/uploads\/2025\/08\/img_4.jpg\" alt=\"\" class=\"wp-image-489\" srcset=\"https:\/\/consorciodejabugo.com\/wp-content\/uploads\/2025\/08\/img_4.jpg 460w, https:\/\/consorciodejabugo.com\/wp-content\/uploads\/2025\/08\/img_4-300x196.jpg 300w\" sizes=\"(max-width: 460px) 100vw, 460px\" \/><\/figure>\n\n\n\n<figure class=\"wp-block-image size-full\"><img decoding=\"async\" width=\"460\" height=\"300\" data-id=\"487\" src=\"https:\/\/consorciodejabugo.com\/wp-content\/uploads\/2025\/08\/img_3-1.jpg\" alt=\"\" class=\"wp-image-487\" srcset=\"https:\/\/consorciodejabugo.com\/wp-content\/uploads\/2025\/08\/img_3-1.jpg 460w, https:\/\/consorciodejabugo.com\/wp-content\/uploads\/2025\/08\/img_3-1-300x196.jpg 300w\" sizes=\"(max-width: 460px) 100vw, 460px\" \/><\/figure>\n\n\n\n<figure class=\"wp-block-image size-full\"><img decoding=\"async\" width=\"460\" height=\"300\" data-id=\"485\" src=\"https:\/\/consorciodejabugo.com\/wp-content\/uploads\/2025\/08\/img_2-2.jpg\" alt=\"\" class=\"wp-image-485\" srcset=\"https:\/\/consorciodejabugo.com\/wp-content\/uploads\/2025\/08\/img_2-2.jpg 460w, https:\/\/consorciodejabugo.com\/wp-content\/uploads\/2025\/08\/img_2-2-300x196.jpg 300w\" sizes=\"(max-width: 460px) 100vw, 460px\" \/><\/figure>\n\n\n\n<figure class=\"wp-block-image size-full\"><img decoding=\"async\" width=\"460\" height=\"300\" data-id=\"484\" src=\"https:\/\/consorciodejabugo.com\/wp-content\/uploads\/2025\/08\/img_1-2.jpg\" alt=\"\" class=\"wp-image-484\" srcset=\"https:\/\/consorciodejabugo.com\/wp-content\/uploads\/2025\/08\/img_1-2.jpg 460w, https:\/\/consorciodejabugo.com\/wp-content\/uploads\/2025\/08\/img_1-2-300x196.jpg 300w\" sizes=\"(max-width: 460px) 100vw, 460px\" \/><\/figure>\n<\/figure>\n<\/div>\n<\/div>\n","protected":false},"excerpt":{"rendered":"<p>Palabra de Chef El nombre de la marca hace referencia a la piel oscura del Cerdo Ib\u00e9rico, un animal que se distingue tambi\u00e9n por sus patas de ca\u00f1a fina y pezu\u00f1as de color negro. El tono de su piel es s\u00edmbolo inconfundible de su raza ib\u00e9rica, como inconfundible es tambi\u00e9n el sabor de sus productos, [&hellip;]<\/p>\n","protected":false},"author":1,"featured_media":519,"parent":33,"menu_order":0,"comment_status":"closed","ping_status":"closed","template":"","meta":{"_acf_changed":false,"_et_pb_use_builder":"off","_et_pb_old_content":"","_et_gb_content_width":"","footnotes":""},"class_list":["post-109","page","type-page","status-publish","has-post-thumbnail","hentry"],"acf":[],"_links":{"self":[{"href":"https:\/\/consorciodejabugo.com\/index.php\/wp-json\/wp\/v2\/pages\/109","targetHints":{"allow":["GET"]}}],"collection":[{"href":"https:\/\/consorciodejabugo.com\/index.php\/wp-json\/wp\/v2\/pages"}],"about":[{"href":"https:\/\/consorciodejabugo.com\/index.php\/wp-json\/wp\/v2\/types\/page"}],"author":[{"embeddable":true,"href":"https:\/\/consorciodejabugo.com\/index.php\/wp-json\/wp\/v2\/users\/1"}],"replies":[{"embeddable":true,"href":"https:\/\/consorciodejabugo.com\/index.php\/wp-json\/wp\/v2\/comments?post=109"}],"version-history":[{"count":0,"href":"https:\/\/consorciodejabugo.com\/index.php\/wp-json\/wp\/v2\/pages\/109\/revisions"}],"up":[{"embeddable":true,"href":"https:\/\/consorciodejabugo.com\/index.php\/wp-json\/wp\/v2\/pages\/33"}],"wp:featuredmedia":[{"embeddable":true,"href":"https:\/\/consorciodejabugo.com\/index.php\/wp-json\/wp\/v2\/media\/519"}],"wp:attachment":[{"href":"https:\/\/consorciodejabugo.com\/index.php\/wp-json\/wp\/v2\/media?parent=109"}],"curies":[{"name":"wp","href":"https:\/\/api.w.org\/{rel}","templated":true}]}}