{"id":107,"date":"2025-08-13T09:44:58","date_gmt":"2025-08-13T09:44:58","guid":{"rendered":"https:\/\/demos.agenciaeiduo.com\/consorciodejabugo\/?page_id=107"},"modified":"2025-08-14T07:14:34","modified_gmt":"2025-08-14T07:14:34","slug":"959-iberico","status":"publish","type":"page","link":"https:\/\/consorciodejabugo.com\/index.php\/marcas\/959-iberico\/","title":{"rendered":"959"},"content":{"rendered":"\n<h3 class=\"wp-block-heading h1 title font-secondary text-color-medium\">Solo cerdos de bellotas 100% Ib\u00e9ricos<\/h3>\n\n\n\n<div class=\"wp-block-columns is-layout-flex wp-container-core-columns-is-layout-9d6595d7 wp-block-columns-is-layout-flex\">\n<div class=\"wp-block-column is-layout-flow wp-block-column-is-layout-flow\">\n<p>La conjunci\u00f3n perfecta entre la raza del cerdo (100% ib\u00e9rico de bellota) y su alimentaci\u00f3n a base de bellotas y pastos en la libertad de la dehesa, todo ello sumado al micro-clima de Jabugo y a una elaboraci\u00f3n artesanal del producto especialmente \u201cmimado\u201d por los Maestros Jamoneros, hacen que el producto ib\u00e9rico 959 &#8211; sea singular.<\/p>\n\n\n\n<p>La mejor tarjeta de presentaci\u00f3n son las calidades sensoriales que nos brinda. Su aroma evoca un sinf\u00edn de matices, es exquisito en boca y tiene una gran persistencia en sabor.<\/p>\n\n\n\n<p>La calidad indiscutible de los productos 959 y la transparencia a la hora de describir su proceso de elaboraci\u00f3n, son dos de los pilares fundamentales de esta marca. La pureza de 959 influye de forma decisiva en la excelencia de su producto: la raza del cerdo 100% ib\u00e9rico y su alimentaci\u00f3n exclusiva a base de bellotas y pastos en la dehesa.<\/p>\n<\/div>\n\n\n\n<div class=\"wp-block-column is-layout-flow wp-block-column-is-layout-flow\">\n<figure class=\"wp-block-gallery has-nested-images columns-1 is-cropped slideshow--images wp-block-gallery-1 is-layout-flex wp-block-gallery-is-layout-flex\">\n<figure class=\"wp-block-image size-full\"><img decoding=\"async\" width=\"453\" height=\"300\" data-id=\"466\" src=\"https:\/\/consorciodejabugo.com\/wp-content\/uploads\/2025\/08\/img_1-1.jpg\" alt=\"\" class=\"wp-image-466\" srcset=\"https:\/\/consorciodejabugo.com\/wp-content\/uploads\/2025\/08\/img_1-1.jpg 453w, https:\/\/consorciodejabugo.com\/wp-content\/uploads\/2025\/08\/img_1-1-300x199.jpg 300w\" sizes=\"(max-width: 453px) 100vw, 453px\" \/><\/figure>\n\n\n\n<figure class=\"wp-block-image size-full\"><img decoding=\"async\" width=\"453\" height=\"300\" data-id=\"467\" src=\"https:\/\/consorciodejabugo.com\/wp-content\/uploads\/2025\/08\/img_2.jpg\" alt=\"\" class=\"wp-image-467\" srcset=\"https:\/\/consorciodejabugo.com\/wp-content\/uploads\/2025\/08\/img_2.jpg 453w, https:\/\/consorciodejabugo.com\/wp-content\/uploads\/2025\/08\/img_2-300x199.jpg 300w\" sizes=\"(max-width: 453px) 100vw, 453px\" \/><\/figure>\n<\/figure>\n<\/div>\n<\/div>\n\n\n\n<div style=\"height:48px\" aria-hidden=\"true\" class=\"wp-block-spacer\"><\/div>\n\n\n\n<h3 class=\"wp-block-heading h1 title font-secondary text-color-medium\">Productos 959<\/h3>\n\n\n\n<div class=\"wp-block-columns is-layout-flex wp-container-core-columns-is-layout-9d6595d7 wp-block-columns-is-layout-flex\">\n<div class=\"wp-block-column is-layout-flow wp-block-column-is-layout-flow\">\n<p>Los jamones, dependiendo de su peso, tienen una curaci\u00f3n de entre 26 y 40 meses y las paletas entre 18 y 32 meses. Su grasa es brillante y los tonos de la carne van desde el rosado al burdeos.<\/p>\n\n\n\n<p>Su gama de embutidos, lomo, morc\u00f3n, lomito, chorizo de lomo y salchich\u00f3n se elaboran con carne del cerdo 100% ib\u00e9rico de bellota, al que se le a\u00f1aden especias de m\u00e1xima calidad y otros ingredientes naturales, con el toque singular de los maestros artesanos.<\/p>\n\n\n\n<p>Su alta calidad, la trasparencia de su proceso de elaboraci\u00f3n y la trazabilidad de los animales, definen esta marca.<\/p>\n\n\n\n<div style=\"height:36px\" aria-hidden=\"true\" class=\"wp-block-spacer\"><\/div>\n\n\n\n<div class=\"wp-block-buttons is-layout-flex wp-block-buttons-is-layout-flex\">\n<div class=\"wp-block-button is-style-outline is-style-outline--2\"><a class=\"wp-block-button__link wp-element-button\" href=\"https:\/\/959iberico.com\" style=\"border-radius:8px\" target=\"_blank\" rel=\"noreferrer noopener\">Visitar tienda online<\/a><\/div>\n<\/div>\n<\/div>\n\n\n\n<div class=\"wp-block-column is-layout-flow wp-block-column-is-layout-flow\">\n<figure class=\"wp-block-gallery has-nested-images columns-1 is-cropped slideshow--images wp-block-gallery-3 is-layout-flex wp-block-gallery-is-layout-flex\">\n<figure class=\"wp-block-image size-full\"><img decoding=\"async\" width=\"460\" height=\"300\" data-id=\"474\" src=\"https:\/\/consorciodejabugo.com\/wp-content\/uploads\/2025\/08\/img_1-1-1.jpg\" alt=\"\" class=\"wp-image-474\" srcset=\"https:\/\/consorciodejabugo.com\/wp-content\/uploads\/2025\/08\/img_1-1-1.jpg 460w, https:\/\/consorciodejabugo.com\/wp-content\/uploads\/2025\/08\/img_1-1-1-300x196.jpg 300w\" sizes=\"(max-width: 460px) 100vw, 460px\" \/><\/figure>\n\n\n\n<figure class=\"wp-block-image size-full\"><img decoding=\"async\" width=\"460\" height=\"300\" data-id=\"475\" src=\"https:\/\/consorciodejabugo.com\/wp-content\/uploads\/2025\/08\/img_2-1.jpg\" alt=\"\" class=\"wp-image-475\" srcset=\"https:\/\/consorciodejabugo.com\/wp-content\/uploads\/2025\/08\/img_2-1.jpg 460w, https:\/\/consorciodejabugo.com\/wp-content\/uploads\/2025\/08\/img_2-1-300x196.jpg 300w\" sizes=\"(max-width: 460px) 100vw, 460px\" \/><\/figure>\n<\/figure>\n<\/div>\n<\/div>\n","protected":false},"excerpt":{"rendered":"<p>Solo cerdos de bellotas 100% Ib\u00e9ricos La conjunci\u00f3n perfecta entre la raza del cerdo (100% ib\u00e9rico de bellota) y su alimentaci\u00f3n a base de bellotas y pastos en la libertad de la dehesa, todo ello sumado al micro-clima de Jabugo y a una elaboraci\u00f3n artesanal del producto especialmente \u201cmimado\u201d por los Maestros Jamoneros, hacen que [&hellip;]<\/p>\n","protected":false},"author":1,"featured_media":512,"parent":33,"menu_order":0,"comment_status":"closed","ping_status":"closed","template":"","meta":{"_acf_changed":false,"_et_pb_use_builder":"off","_et_pb_old_content":"","_et_gb_content_width":"","footnotes":""},"class_list":["post-107","page","type-page","status-publish","has-post-thumbnail","hentry"],"acf":[],"_links":{"self":[{"href":"https:\/\/consorciodejabugo.com\/index.php\/wp-json\/wp\/v2\/pages\/107","targetHints":{"allow":["GET"]}}],"collection":[{"href":"https:\/\/consorciodejabugo.com\/index.php\/wp-json\/wp\/v2\/pages"}],"about":[{"href":"https:\/\/consorciodejabugo.com\/index.php\/wp-json\/wp\/v2\/types\/page"}],"author":[{"embeddable":true,"href":"https:\/\/consorciodejabugo.com\/index.php\/wp-json\/wp\/v2\/users\/1"}],"replies":[{"embeddable":true,"href":"https:\/\/consorciodejabugo.com\/index.php\/wp-json\/wp\/v2\/comments?post=107"}],"version-history":[{"count":0,"href":"https:\/\/consorciodejabugo.com\/index.php\/wp-json\/wp\/v2\/pages\/107\/revisions"}],"up":[{"embeddable":true,"href":"https:\/\/consorciodejabugo.com\/index.php\/wp-json\/wp\/v2\/pages\/33"}],"wp:featuredmedia":[{"embeddable":true,"href":"https:\/\/consorciodejabugo.com\/index.php\/wp-json\/wp\/v2\/media\/512"}],"wp:attachment":[{"href":"https:\/\/consorciodejabugo.com\/index.php\/wp-json\/wp\/v2\/media?parent=107"}],"curies":[{"name":"wp","href":"https:\/\/api.w.org\/{rel}","templated":true}]}}